uppose -14*r + 3696 = -3*r. Calculate the greatest common divisor of 21 and r.
21
Let a(u) = 7*u - 10. Let k be a(6). What is the greatest common divisor of k and 224?
32
Suppose -3*q + 16 = 5*k, 22 - 4 = 4*k + 5*q. Suppose d = k*f - 7*f + 71, -2 = f. What is the greatest common factor of d and 54?
27
Suppose 2*x = -2*x + 108. Let y(n) = n**3 + 26*n**2 + 2*n + 61. Let q be y(-26). Calculate the highest common factor of x and q.
9
Suppose -194 = -5*x + 381. What is the greatest common divisor of 69 and x?
23
Let n be ((-30)/175*-5)/(4/448). Calculate the highest common divisor of n and 24.
24
Let m(l) = l**3 - 5*l**2 + l + 4. Suppose -4*r + 18 + 2 = 0. Let o be m(r). Let i be ((-18)/(-27))/(2/o). Calculate the greatest common divisor of 2 and i.
1
Suppose -125 + 189 = 2*u. Let f(l) = 23*l + 1. Let x be f(1). What is the highest common factor of x and u?
8
Let f(d) = 30*d. Let a be f(-1). Let h = a + 41. Suppose 76 - 340 = -3*i. Calculate the highest common divisor of h and i.
11
Let y = -36 + 32. Let g be (-44)/(-6)*(-6)/y. Calculate the greatest common factor of g and 33.
11
Let q be 392 + 1 + -1 + 0/(-34). Calculate the highest common divisor of 49 and q.
49
Suppose -3*b + 10 = -8. Let z be (b/(-4))/((-15)/100). Let f = -56 + 106. What is the highest common divisor of f and z?
10
Suppose 4*q + 16 = 0, m + 4 - 17 = 2*q. Suppose -m*j + 2 + 3 = 0. Let y be ((-6)/(-12))/(j/4). What is the highest common divisor of y and 18?
2
Suppose 4*x + 8 = h, 3*x + 5 = -1. Suppose -14*g + 11*g + 48 = h. Calculate the highest common factor of 16 and g.
16
Let d be (0/2 - -1) + 3. Suppose -3*b = 2*j - 178, d*j = -b + 80 - 4. Let o = -40 + b. What is the greatest common divisor of o and 112?
16
Let w be (-16)/(-40) + (-56)/(-10). Suppose 8*f + 146 = w*f. Let d = -43 - f. What is the highest common divisor of 6 and d?
6
Let m(o) = 2*o - 38. Let v be m(16). Let s be 1971/(-6)*v/9 - -1. Calculate the highest common divisor of 44 and s.
44
Let h(z) = -z**2 + 4*z + 7. Let b be h(5). Let q = 1 - -13. Calculate the highest common divisor of q and b.
2
Suppose -104 = -4*d - 5*r, -2*r = 3*r. Let t = d - 24. What is the greatest common divisor of 4 and t?
2
Suppose 3*m + 5*x = -0*m + 61, -3*x = -5*m + 45. Let u = -137 - -53. Let l be 0*3/(-3) - u. Calculate the greatest common factor of l and m.
12
Suppose 0 = -s - u - 5, 0 = s - 0*s + 3*u + 7. Let v be (-1)/12*s*3. Let d be (6/5)/(v/10). What is the highest common factor of d and 108?
12
Let u = -41 + 23. Let c be u/(-1 - (1 - (-6)/(-4))). What is the greatest common factor of c and 90?
18
Let x = -12 + 34. Let g(v) = 3*v**2 + 9*v**3 - 9*v + 5*v**3 - 13*v**3 + 2. Let u be g(-4). Calculate the greatest common divisor of x and u.
22
Let z be (-880)/(-24)*6/1. Suppose 11*h - 167 - 53 = 0. Calculate the highest common divisor of z and h.
20
Let a = 850 + 122. What is the greatest common divisor of 36 and a?
36
Suppose -4*q + 5*z = 292 + 240, -4*z = -5*q - 674. Let t be ((-8)/2)/(23/q). Calculate the greatest common factor of t and 60.
12
Let s be 6 - 4 - 2*28. Let m = -38 - s. Suppose 0 = 5*x - 10. Calculate the highest common divisor of m and x.
2
Let q = 305 + -289. What is the greatest common divisor of 80 and q?
16
Suppose 10*n - 152 = 2*n. Suppose 7 = -18*l + n*l. Suppose l*a = 8*a - 1. Calculate the greatest common divisor of 4 and a.
1
Let v(w) be the first derivative of w**4/4 + 17*w**3/3 + w**2/2 + 19*w + 7. Let k be v(-17). What is the highest common factor of 22 and k?
2
Let r be (74/(-10))/(3330/(-175) - -19). Calculate the greatest common divisor of r and 37.
37
Let k(l) be the third derivative of 0 - 3*l**2 - 8/3*l**3 + 1/8*l**4 + 0*l. Let z be k(8). Calculate the greatest common divisor of z and 88.
8
Let p(v) = -v**2 + 6*v - 1. Let d be p(4). Let y = -67 - -144. Calculate the greatest common divisor of d and y.
7
Let x be (((-33)/6)/((-3)/(-6)))/1. Let d(h) = h**3 + 12*h**2 + 10*h + 2. Let n be d(x). What is the greatest common divisor of 13 and n?
13
Suppose -4*q - 2*s - 3*s - 24 = 0, 3*q = -s - 29. Let r = -3 - q. Suppose -y = -2*z - 66, -3*z + 156 = 2*y + z. What is the greatest common divisor of y and r?
8
Let o be ((-10)/(-15))/(2/(-6)). Let t be 1/(-2)*(o + 2). Suppose t = -0*g - g + 22. Calculate the highest common divisor of g and 2.
2
Suppose 12 = 2*x + 2*a, x - 9*a + 8*a + 4 = 0. What is the greatest common divisor of 11 and x?
1
Suppose -4*l - 2*l + 132 = 0. What is the greatest common divisor of 22 and l?
22
Let m be (2 + 542/(-4))*-6. Suppose -4*b - b = -r - m, -5*r = -5*b + 785. Suppose -q = -13 - 10. What is the highest common factor of b and q?
23
Let l be (-2)/5 + 84/35. Suppose 4*g - 21 = 27. Suppose -3*f - t + 21 = l*t, 0 = 3*t + g. What is the greatest common factor of 66 and f?
11
Let f = -1175 + 1315. What is the highest common divisor of f and 252?
28
Let i(y) = -5*y - 7. Let w be i(-2). Suppose 3*v = -2*a + 19, w*v - a - 4 = -0*v. What is the greatest common divisor of 3 and v?
3
Let d(m) = 8*m**2 - 37*m + 20. Let z be d(8). Calculate the greatest common divisor of z and 59.
59
Let l = 33 - -45. Calculate the highest common divisor of l and 624.
78
Let k(h) = -h**2 - 12*h + 20. Let q be -11 + (-4 - 2)/3. Let v be k(q). Calculate the greatest common factor of 77 and v.
7
Suppose 3*w + 95 + 14 = 5*d, w = 2. Calculate the greatest common factor of 3 and d.
1
Let h be 1/(-7 - -4)*-2*27. Calculate the highest common divisor of 18 and h.
18
Suppose 5*h = 5*z - 860, 2*z - 6*h = -3*h + 345. Suppose 0 = 3*c + 27 - z. What is the greatest common factor of 16 and c?
16
Suppose 4*q = -5*z + 416, 4*z - 6*z - 5*q + 180 = 0. Suppose 4*n = 0, -4*c - 8*n + 3*n + z = 0. Let k = c - 12. What is the highest common divisor of 1 and k?
1
Suppose 0 = -5*w + r + 20, -5*w + 5 = -3*r - 5. Suppose -3*d = -12, 0 = -2*f + 5*d - 13 - 3. Calculate the highest common factor of w and f.
1
Suppose 5*x - 116 = 4*x + 4*n, 20 = -4*n. Suppose -g + 12 = -0. What is the greatest common divisor of g and x?
12
Suppose 5*v = 4*j - 71, 2*v + 0*v = 5*j - 76. Let c(u) = 64*u - 2. Let d = 6 + -4. Let i be c(d). What is the greatest common divisor of i and j?
14
Suppose -414*w - 60 = -416*w. Calculate the highest common divisor of w and 130.
10
Let m be ((-15)/6)/(54/12 - 5). Calculate the greatest common factor of 235 and m.
5
Let h be 1/4*(186 - 6/3). What is the greatest common factor of 23 and h?
23
Let z be ((-3)/1 + 2)*125. Let d = z - -73. Let f be (-1)/(-3) + d/(-6). Calculate the greatest common factor of 36 and f.
9
Let m be 508/16 - 1/(-4). Let k = 4 + -19. Let c(b) = -b**2 - 15*b + 4. Let u be c(k). What is the highest common divisor of u and m?
4
Let z = 606 + -351. Calculate the highest common factor of z and 204.
51
Let y be ((-5320)/16)/(-19)*8/5. Suppose -4*r + 9*r + 20 = 0. Let v be 129/(-6)*r - 2. What is the highest common factor of v and y?
28
Let o be (-55)/(-22) + (-1)/(-2). Let z be -1 + -1 + 9/o. What is the highest common divisor of z and 3?
1
Let u = -304 + 332. Calculate the greatest common factor of 182 and u.
14
Let x = -88 + 117. Let u = x + -19. Suppose -f = 3*w + 2*w - 396, -3*f = 5*w - 388. Calculate the greatest common divisor of u and w.
10
Let a = 881 - 322. What is the highest common factor of a and 43?
43
Let c be 7/((-126)/4) + 39990/135. Suppose 2*s = -4*n + 148, 0*s = -4*n - s + 148. Calculate the greatest common factor of c and n.
37
Suppose -3*g - 2*q + 2 = 0, -5*g + 16 + 19 = -3*q. Let b = 90 + -50. Calculate the highest common divisor of b and g.
4
Let f = -195 - -247. Calculate the highest common factor of f and 13.
13
Let q be (-1795)/((-55)/11) - -5. What is the greatest common factor of q and 91?
91
Let a(w) = -w**3 - 16*w**2 - 30*w - 25. Let x be a(-14). Suppose -4*c = 5*i + 9 - 189, -i = -x*c + 116. What is the highest common factor of 8 and c?
8
Let a = -83 + 146. Let n = 15 - 8. Calculate the greatest common divisor of a and n.
7
Let z(y) = y**3 - 15*y**2 + 13*y + 12. Let h be z(14). Let o be h/16 + 57/8. What is the highest common divisor of 7 and o?
7
Let u(z) be the third derivative of 0*z + 1/12*z**5 + 0*z**3 + 6*z**2 + 0 + 1/24*z**4. Let o be u(1). What is the highest common factor of o and 42?
6
Let f be ((-207)/(-6))/(3/10). Suppose -2*u = -451 + f. What is the highes